{"id":127,"date":"2017-08-25T21:18:18","date_gmt":"2017-08-25T21:18:18","guid":{"rendered":"http:\/\/uep193sanroque.com.ar\/nuevodise%C3%B1o\/?page_id=127"},"modified":"2021-05-03T19:53:37","modified_gmt":"2021-05-03T22:53:37","slug":"ofertas-academicas","status":"publish","type":"page","link":"https:\/\/uep193sanroque.com.ar\/nuevodiseno\/ofertas-academicas\/","title":{"rendered":"OFERTAS ACADEMICAS"},"content":{"rendered":"\t\t<div data-elementor-type=\"wp-page\" data-elementor-id=\"127\" class=\"elementor elementor-127\">\n\t\t\t\t\t\t<div class=\"elementor-inner\">\n\t\t\t\t<div class=\"elementor-section-wrap\">\n\t\t\t\t\t\t\t\t\t<section class=\"elementor-section elementor-top-section elementor-element elementor-element-b3a59be elementor-section-boxed elementor-section-height-default elementor-section-height-default\" data-id=\"b3a59be\" data-element_type=\"section\">\n\t\t\t\t\t\t<div class=\"elementor-container elementor-column-gap-default\">\n\t\t\t\t\t\t\t<div class=\"elementor-row\">\n\t\t\t\t\t<div class=\"elementor-column elementor-col-33 elementor-top-column elementor-element elementor-element-cb5f6d2\" data-id=\"cb5f6d2\" data-element_type=\"column\">\n\t\t\t<div class=\"elementor-column-wrap elementor-element-populated\">\n\t\t\t\t\t\t\t<div class=\"elementor-widget-wrap\">\n\t\t\t\t\t\t<div class=\"elementor-element elementor-element-3c2f350 elementor-position-top elementor-vertical-align-top elementor-widget elementor-widget-image-box\" data-id=\"3c2f350\" data-element_type=\"widget\" data-settings=\"{&quot;_animation&quot;:&quot;none&quot;}\" data-widget_type=\"image-box.default\">\n\t\t\t\t<div class=\"elementor-widget-container\">\n\t\t\t<div class=\"elementor-image-box-wrapper\"><figure class=\"elementor-image-box-img\"><img loading=\"lazy\" decoding=\"async\" width=\"1024\" height=\"1024\" src=\"https:\/\/uep193sanroque.com.ar\/nuevodiseno\/wp-content\/uploads\/2021\/02\/TSCS-3-1024x1024.png\" class=\"elementor-animation-grow attachment-large size-large\" alt=\"\" \/><\/figure><div class=\"elementor-image-box-content\"><h3 class=\"elementor-image-box-title\">TECNICATURA SUPERIOR EN CIENCIAS SAGRADAS<\/h3><p class=\"elementor-image-box-description\">MODALIDAD: Semipresencial<br>DURACION: 3 a\u00f1os<\/p><\/div><\/div>\t\t<\/div>\n\t\t\t\t<\/div>\n\t\t\t\t<div class=\"elementor-element elementor-element-f9f93c3 elementor-align-center elementor-widget elementor-widget-button\" data-id=\"f9f93c3\" data-element_type=\"widget\" data-widget_type=\"button.default\">\n\t\t\t\t<div class=\"elementor-widget-container\">\n\t\t\t\t\t<div class=\"elementor-button-wrapper\">\n\t\t\t<a href=\"https:\/\/uep193sanroque.com.ar\/nuevodiseno\/tecnicatura-superior-en-cincias-sagradas-plan-de-estudios\/\" target=\"_blank\" class=\"elementor-button-link elementor-button elementor-size-sm\" role=\"button\">\n\t\t\t\t\t\t<span class=\"elementor-button-content-wrapper\">\n\t\t\t\t\t\t<span class=\"elementor-button-text\">VER PLAN DE ESTUDIOS<\/span>\n\t\t<\/span>\n\t\t\t\t\t<\/a>\n\t\t<\/div>\n\t\t\t\t<\/div>\n\t\t\t\t<\/div>\n\t\t\t\t\t\t<\/div>\n\t\t\t\t\t<\/div>\n\t\t<\/div>\n\t\t\t\t<div class=\"elementor-column elementor-col-33 elementor-top-column elementor-element elementor-element-08df83f\" data-id=\"08df83f\" data-element_type=\"column\">\n\t\t\t<div class=\"elementor-column-wrap elementor-element-populated\">\n\t\t\t\t\t\t\t<div class=\"elementor-widget-wrap\">\n\t\t\t\t\t\t<div class=\"elementor-element elementor-element-f07bd2b elementor-position-top elementor-vertical-align-top elementor-widget elementor-widget-image-box\" data-id=\"f07bd2b\" data-element_type=\"widget\" data-settings=\"{&quot;_animation&quot;:&quot;none&quot;}\" data-widget_type=\"image-box.default\">\n\t\t\t\t<div class=\"elementor-widget-container\">\n\t\t\t<div class=\"elementor-image-box-wrapper\"><figure class=\"elementor-image-box-img\"><img loading=\"lazy\" decoding=\"async\" width=\"1024\" height=\"1024\" src=\"https:\/\/uep193sanroque.com.ar\/nuevodiseno\/wp-content\/uploads\/2021\/02\/Copia-de-TSCS-1024x1024.png\" class=\"elementor-animation-grow attachment-large size-large\" alt=\"\" \/><\/figure><div class=\"elementor-image-box-content\"><h3 class=\"elementor-image-box-title\">TECNICATURA SUPERIOR EN ADMINISTRACI\u00d3N DE RECURSOS HUMANOS<\/h3><p class=\"elementor-image-box-description\">MODALIDAD: Presencial<br>DURACION: 3 a\u00f1os<\/p><\/div><\/div>\t\t<\/div>\n\t\t\t\t<\/div>\n\t\t\t\t<div class=\"elementor-element elementor-element-2d9b291 elementor-align-center elementor-widget elementor-widget-button\" data-id=\"2d9b291\" data-element_type=\"widget\" data-widget_type=\"button.default\">\n\t\t\t\t<div class=\"elementor-widget-container\">\n\t\t\t\t\t<div class=\"elementor-button-wrapper\">\n\t\t\t<a href=\"https:\/\/uep193sanroque.com.ar\/nuevodiseno\/tecnicatura-superior-en-administracion-de-recursos-humanos-plan-de-estudios\/\" target=\"_blank\" class=\"elementor-button-link elementor-button elementor-size-sm\" role=\"button\">\n\t\t\t\t\t\t<span class=\"elementor-button-content-wrapper\">\n\t\t\t\t\t\t<span class=\"elementor-button-text\">VER PLAN DE ESTUDIOS<\/span>\n\t\t<\/span>\n\t\t\t\t\t<\/a>\n\t\t<\/div>\n\t\t\t\t<\/div>\n\t\t\t\t<\/div>\n\t\t\t\t\t\t<\/div>\n\t\t\t\t\t<\/div>\n\t\t<\/div>\n\t\t\t\t<div class=\"elementor-column elementor-col-33 elementor-top-column elementor-element elementor-element-2ea7888\" data-id=\"2ea7888\" data-element_type=\"column\">\n\t\t\t<div class=\"elementor-column-wrap elementor-element-populated\">\n\t\t\t\t\t\t\t<div class=\"elementor-widget-wrap\">\n\t\t\t\t\t\t<div class=\"elementor-element elementor-element-b486c85 elementor-position-top elementor-vertical-align-top elementor-widget elementor-widget-image-box\" data-id=\"b486c85\" data-element_type=\"widget\" data-settings=\"{&quot;_animation&quot;:&quot;none&quot;}\" data-widget_type=\"image-box.default\">\n\t\t\t\t<div class=\"elementor-widget-container\">\n\t\t\t<div class=\"elementor-image-box-wrapper\"><figure class=\"elementor-image-box-img\"><img loading=\"lazy\" decoding=\"async\" width=\"1024\" height=\"1024\" src=\"https:\/\/uep193sanroque.com.ar\/nuevodiseno\/wp-content\/uploads\/2021\/02\/Copia-de-TSNAYF-2-1024x1024.png\" class=\"elementor-animation-grow attachment-large size-large\" alt=\"\" \/><\/figure><div class=\"elementor-image-box-content\"><h3 class=\"elementor-image-box-title\">TECNICATURA SUPERIOR EN NI\u00d1EZ, ADOLESCENCIA Y FAMILIA<\/h3><p class=\"elementor-image-box-description\">MODALIDAD: Presencial<br>DURACION: 3 a\u00f1os<\/p><\/div><\/div>\t\t<\/div>\n\t\t\t\t<\/div>\n\t\t\t\t<div class=\"elementor-element elementor-element-c4bb49b elementor-align-center elementor-widget elementor-widget-button\" data-id=\"c4bb49b\" data-element_type=\"widget\" data-widget_type=\"button.default\">\n\t\t\t\t<div class=\"elementor-widget-container\">\n\t\t\t\t\t<div class=\"elementor-button-wrapper\">\n\t\t\t<a href=\"https:\/\/uep193sanroque.com.ar\/nuevodiseno\/tecnicatura-superior-en-nines-adolescencia-y-familia-plan-de-estudios\/\" target=\"_blank\" class=\"elementor-button-link elementor-button elementor-size-sm\" role=\"button\">\n\t\t\t\t\t\t<span class=\"elementor-button-content-wrapper\">\n\t\t\t\t\t\t<span class=\"elementor-button-text\">VER PLAN DE ESTUDIOS<\/span>\n\t\t<\/span>\n\t\t\t\t\t<\/a>\n\t\t<\/div>\n\t\t\t\t<\/div>\n\t\t\t\t<\/div>\n\t\t\t\t\t\t<\/div>\n\t\t\t\t\t<\/div>\n\t\t<\/div>\n\t\t\t\t\t\t\t\t<\/div>\n\t\t\t\t\t<\/div>\n\t\t<\/section>\n\t\t\t\t<section class=\"elementor-section elementor-top-section elementor-element elementor-element-88c2901 elementor-section-boxed elementor-section-height-default elementor-section-height-default\" data-id=\"88c2901\" data-element_type=\"section\">\n\t\t\t\t\t\t<div class=\"elementor-container elementor-column-gap-default\">\n\t\t\t\t\t\t\t<div class=\"elementor-row\">\n\t\t\t\t\t<div class=\"elementor-column elementor-col-33 elementor-top-column elementor-element elementor-element-d32488c\" data-id=\"d32488c\" data-element_type=\"column\">\n\t\t\t<div class=\"elementor-column-wrap elementor-element-populated\">\n\t\t\t\t\t\t\t<div class=\"elementor-widget-wrap\">\n\t\t\t\t\t\t<div class=\"elementor-element elementor-element-bbfb1fc elementor-position-top elementor-vertical-align-top elementor-widget elementor-widget-image-box\" data-id=\"bbfb1fc\" data-element_type=\"widget\" data-settings=\"{&quot;_animation&quot;:&quot;none&quot;}\" data-widget_type=\"image-box.default\">\n\t\t\t\t<div class=\"elementor-widget-container\">\n\t\t\t<div class=\"elementor-image-box-wrapper\"><figure class=\"elementor-image-box-img\"><img loading=\"lazy\" decoding=\"async\" width=\"1024\" height=\"1024\" src=\"https:\/\/uep193sanroque.com.ar\/nuevodiseno\/wp-content\/uploads\/2021\/05\/Copia-de-Copia-de-TSCS-1024x1024.png\" class=\"elementor-animation-grow attachment-large size-large\" alt=\"\" \/><\/figure><div class=\"elementor-image-box-content\"><h3 class=\"elementor-image-box-title\">TECNICATURA SUPERIOR EN GESTI\u00d3N DE RECURSOS HUMANOS<\/h3><p class=\"elementor-image-box-description\">MODALIDAD: Presencial<br>DURACION: 3 a\u00f1os<\/p><\/div><\/div>\t\t<\/div>\n\t\t\t\t<\/div>\n\t\t\t\t<div class=\"elementor-element elementor-element-3e1348a elementor-align-center elementor-widget elementor-widget-button\" data-id=\"3e1348a\" data-element_type=\"widget\" data-widget_type=\"button.default\">\n\t\t\t\t<div class=\"elementor-widget-container\">\n\t\t\t\t\t<div class=\"elementor-button-wrapper\">\n\t\t\t<a class=\"elementor-button elementor-size-sm\" role=\"button\">\n\t\t\t\t\t\t<span class=\"elementor-button-content-wrapper\">\n\t\t\t\t\t\t<span class=\"elementor-button-text\">VER PLAN DE ESTUDIOS<\/span>\n\t\t<\/span>\n\t\t\t\t\t<\/a>\n\t\t<\/div>\n\t\t\t\t<\/div>\n\t\t\t\t<\/div>\n\t\t\t\t\t\t<\/div>\n\t\t\t\t\t<\/div>\n\t\t<\/div>\n\t\t\t\t<div class=\"elementor-column elementor-col-33 elementor-top-column elementor-element elementor-element-9ad2183\" data-id=\"9ad2183\" data-element_type=\"column\">\n\t\t\t<div class=\"elementor-column-wrap\">\n\t\t\t\t\t\t\t<div class=\"elementor-widget-wrap\">\n\t\t\t\t\t\t\t\t<\/div>\n\t\t\t\t\t<\/div>\n\t\t<\/div>\n\t\t\t\t<div class=\"elementor-column elementor-col-33 elementor-top-column elementor-element elementor-element-1f6d01a\" data-id=\"1f6d01a\" data-element_type=\"column\">\n\t\t\t<div class=\"elementor-column-wrap\">\n\t\t\t\t\t\t\t<div class=\"elementor-widget-wrap\">\n\t\t\t\t\t\t\t\t<\/div>\n\t\t\t\t\t<\/div>\n\t\t<\/div>\n\t\t\t\t\t\t\t\t<\/div>\n\t\t\t\t\t<\/div>\n\t\t<\/section>\n\t\t\t\t\t\t\t\t\t<\/div>\n\t\t\t<\/div>\n\t\t\t\t\t<\/div>\n\t\t","protected":false},"excerpt":{"rendered":"<p>TECNICATURA SUPERIOR EN CIENCIAS SAGRADAS MODALIDAD: SemipresencialDURACION: 3 a\u00f1os VER PLAN DE ESTUDIOS TECNICATURA SUPERIOR EN ADMINISTRACI\u00d3N DE RECURSOS HUMANOS MODALIDAD: PresencialDURACION: 3 a\u00f1os VER PLAN DE ESTUDIOS TECNICATURA SUPERIOR EN NI\u00d1EZ, ADOLESCENCIA Y FAMILIA MODALIDAD: PresencialDURACION: 3 a\u00f1os VER PLAN DE ESTUDIOS TECNICATURA SUPERIOR EN GESTI\u00d3N DE RECURSOS HUMANOS MODALIDAD: PresencialDURACION: 3 a\u00f1os VER [&hellip;]<\/p>\n","protected":false},"author":1,"featured_media":0,"parent":0,"menu_order":0,"comment_status":"closed","ping_status":"closed","template":"","meta":{"footnotes":""},"class_list":["post-127","page","type-page","status-publish","hentry"],"yoast_head":"<!-- This site is optimized with the Yoast SEO plugin v24.9 - https:\/\/yoast.com\/wordpress\/plugins\/seo\/ -->\n<title>OFERTAS ACADEMICAS &#8211;<\/title>\n<meta name=\"robots\" content=\"index, follow, max-snippet:-1, max-image-preview:large, max-video-preview:-1\" \/>\n<link rel=\"canonical\" href=\"https:\/\/uep193sanroque.com.ar\/nuevodiseno\/ofertas-academicas\/\" \/>\n<meta property=\"og:locale\" content=\"es_ES\" \/>\n<meta property=\"og:type\" content=\"article\" \/>\n<meta property=\"og:title\" content=\"OFERTAS ACADEMICAS &#8211;\" \/>\n<meta property=\"og:description\" content=\"TECNICATURA SUPERIOR EN CIENCIAS SAGRADAS MODALIDAD: SemipresencialDURACION: 3 a\u00f1os VER PLAN DE ESTUDIOS TECNICATURA SUPERIOR EN ADMINISTRACI\u00d3N DE RECURSOS HUMANOS MODALIDAD: PresencialDURACION: 3 a\u00f1os VER PLAN DE ESTUDIOS TECNICATURA SUPERIOR EN NI\u00d1EZ, ADOLESCENCIA Y FAMILIA MODALIDAD: PresencialDURACION: 3 a\u00f1os VER PLAN DE ESTUDIOS TECNICATURA SUPERIOR EN GESTI\u00d3N DE RECURSOS HUMANOS MODALIDAD: PresencialDURACION: 3 a\u00f1os VER [&hellip;]\" \/>\n<meta property=\"og:url\" content=\"https:\/\/uep193sanroque.com.ar\/nuevodiseno\/ofertas-academicas\/\" \/>\n<meta property=\"article:publisher\" content=\"https:\/\/www.facebook.com\/ies193sanroque\/\" \/>\n<meta property=\"article:modified_time\" content=\"2021-05-03T22:53:37+00:00\" \/>\n<meta property=\"og:image\" content=\"https:\/\/uep193sanroque.com.ar\/nuevodiseno\/wp-content\/uploads\/2021\/02\/TSCS-3-1024x1024.png\" \/>\n<meta name=\"twitter:card\" content=\"summary_large_image\" \/>\n<meta name=\"twitter:label1\" content=\"Tiempo de lectura\" \/>\n\t<meta name=\"twitter:data1\" content=\"2 minutos\" \/>\n<script type=\"application\/ld+json\" class=\"yoast-schema-graph\">{\"@context\":\"https:\/\/schema.org\",\"@graph\":[{\"@type\":\"WebPage\",\"@id\":\"https:\/\/uep193sanroque.com.ar\/nuevodiseno\/ofertas-academicas\/\",\"url\":\"https:\/\/uep193sanroque.com.ar\/nuevodiseno\/ofertas-academicas\/\",\"name\":\"OFERTAS ACADEMICAS &#8211;\",\"isPartOf\":{\"@id\":\"https:\/\/uep193sanroque.com.ar\/nuevodiseno\/#website\"},\"primaryImageOfPage\":{\"@id\":\"https:\/\/uep193sanroque.com.ar\/nuevodiseno\/ofertas-academicas\/#primaryimage\"},\"image\":{\"@id\":\"https:\/\/uep193sanroque.com.ar\/nuevodiseno\/ofertas-academicas\/#primaryimage\"},\"thumbnailUrl\":\"https:\/\/uep193sanroque.com.ar\/nuevodiseno\/wp-content\/uploads\/2021\/02\/TSCS-3-1024x1024.png\",\"datePublished\":\"2017-08-25T21:18:18+00:00\",\"dateModified\":\"2021-05-03T22:53:37+00:00\",\"breadcrumb\":{\"@id\":\"https:\/\/uep193sanroque.com.ar\/nuevodiseno\/ofertas-academicas\/#breadcrumb\"},\"inLanguage\":\"es\",\"potentialAction\":[{\"@type\":\"ReadAction\",\"target\":[\"https:\/\/uep193sanroque.com.ar\/nuevodiseno\/ofertas-academicas\/\"]}]},{\"@type\":\"ImageObject\",\"inLanguage\":\"es\",\"@id\":\"https:\/\/uep193sanroque.com.ar\/nuevodiseno\/ofertas-academicas\/#primaryimage\",\"url\":\"https:\/\/uep193sanroque.com.ar\/nuevodiseno\/wp-content\/uploads\/2021\/02\/TSCS-3.png\",\"contentUrl\":\"https:\/\/uep193sanroque.com.ar\/nuevodiseno\/wp-content\/uploads\/2021\/02\/TSCS-3.png\",\"width\":1080,\"height\":1080},{\"@type\":\"BreadcrumbList\",\"@id\":\"https:\/\/uep193sanroque.com.ar\/nuevodiseno\/ofertas-academicas\/#breadcrumb\",\"itemListElement\":[{\"@type\":\"ListItem\",\"position\":1,\"name\":\"Portada\",\"item\":\"https:\/\/uep193sanroque.com.ar\/nuevodiseno\/\"},{\"@type\":\"ListItem\",\"position\":2,\"name\":\"OFERTAS ACADEMICAS\"}]},{\"@type\":\"WebSite\",\"@id\":\"https:\/\/uep193sanroque.com.ar\/nuevodiseno\/#website\",\"url\":\"https:\/\/uep193sanroque.com.ar\/nuevodiseno\/\",\"name\":\"UEGP 193 San Roque\",\"description\":\"UEGP 193 San Roque\",\"potentialAction\":[{\"@type\":\"SearchAction\",\"target\":{\"@type\":\"EntryPoint\",\"urlTemplate\":\"https:\/\/uep193sanroque.com.ar\/nuevodiseno\/?s={search_term_string}\"},\"query-input\":{\"@type\":\"PropertyValueSpecification\",\"valueRequired\":true,\"valueName\":\"search_term_string\"}}],\"inLanguage\":\"es\"}]}<\/script>\n<!-- \/ Yoast SEO plugin. -->","yoast_head_json":{"title":"OFERTAS ACADEMICAS &#8211;","robots":{"index":"index","follow":"follow","max-snippet":"max-snippet:-1","max-image-preview":"max-image-preview:large","max-video-preview":"max-video-preview:-1"},"canonical":"https:\/\/uep193sanroque.com.ar\/nuevodiseno\/ofertas-academicas\/","og_locale":"es_ES","og_type":"article","og_title":"OFERTAS ACADEMICAS &#8211;","og_description":"TECNICATURA SUPERIOR EN CIENCIAS SAGRADAS MODALIDAD: SemipresencialDURACION: 3 a\u00f1os VER PLAN DE ESTUDIOS TECNICATURA SUPERIOR EN ADMINISTRACI\u00d3N DE RECURSOS HUMANOS MODALIDAD: PresencialDURACION: 3 a\u00f1os VER PLAN DE ESTUDIOS TECNICATURA SUPERIOR EN NI\u00d1EZ, ADOLESCENCIA Y FAMILIA MODALIDAD: PresencialDURACION: 3 a\u00f1os VER PLAN DE ESTUDIOS TECNICATURA SUPERIOR EN GESTI\u00d3N DE RECURSOS HUMANOS MODALIDAD: PresencialDURACION: 3 a\u00f1os VER [&hellip;]","og_url":"https:\/\/uep193sanroque.com.ar\/nuevodiseno\/ofertas-academicas\/","article_publisher":"https:\/\/www.facebook.com\/ies193sanroque\/","article_modified_time":"2021-05-03T22:53:37+00:00","og_image":[{"url":"https:\/\/uep193sanroque.com.ar\/nuevodiseno\/wp-content\/uploads\/2021\/02\/TSCS-3-1024x1024.png","type":"","width":"","height":""}],"twitter_card":"summary_large_image","twitter_misc":{"Tiempo de lectura":"2 minutos"},"schema":{"@context":"https:\/\/schema.org","@graph":[{"@type":"WebPage","@id":"https:\/\/uep193sanroque.com.ar\/nuevodiseno\/ofertas-academicas\/","url":"https:\/\/uep193sanroque.com.ar\/nuevodiseno\/ofertas-academicas\/","name":"OFERTAS ACADEMICAS &#8211;","isPartOf":{"@id":"https:\/\/uep193sanroque.com.ar\/nuevodiseno\/#website"},"primaryImageOfPage":{"@id":"https:\/\/uep193sanroque.com.ar\/nuevodiseno\/ofertas-academicas\/#primaryimage"},"image":{"@id":"https:\/\/uep193sanroque.com.ar\/nuevodiseno\/ofertas-academicas\/#primaryimage"},"thumbnailUrl":"https:\/\/uep193sanroque.com.ar\/nuevodiseno\/wp-content\/uploads\/2021\/02\/TSCS-3-1024x1024.png","datePublished":"2017-08-25T21:18:18+00:00","dateModified":"2021-05-03T22:53:37+00:00","breadcrumb":{"@id":"https:\/\/uep193sanroque.com.ar\/nuevodiseno\/ofertas-academicas\/#breadcrumb"},"inLanguage":"es","potentialAction":[{"@type":"ReadAction","target":["https:\/\/uep193sanroque.com.ar\/nuevodiseno\/ofertas-academicas\/"]}]},{"@type":"ImageObject","inLanguage":"es","@id":"https:\/\/uep193sanroque.com.ar\/nuevodiseno\/ofertas-academicas\/#primaryimage","url":"https:\/\/uep193sanroque.com.ar\/nuevodiseno\/wp-content\/uploads\/2021\/02\/TSCS-3.png","contentUrl":"https:\/\/uep193sanroque.com.ar\/nuevodiseno\/wp-content\/uploads\/2021\/02\/TSCS-3.png","width":1080,"height":1080},{"@type":"BreadcrumbList","@id":"https:\/\/uep193sanroque.com.ar\/nuevodiseno\/ofertas-academicas\/#breadcrumb","itemListElement":[{"@type":"ListItem","position":1,"name":"Portada","item":"https:\/\/uep193sanroque.com.ar\/nuevodiseno\/"},{"@type":"ListItem","position":2,"name":"OFERTAS ACADEMICAS"}]},{"@type":"WebSite","@id":"https:\/\/uep193sanroque.com.ar\/nuevodiseno\/#website","url":"https:\/\/uep193sanroque.com.ar\/nuevodiseno\/","name":"UEGP 193 San Roque","description":"UEGP 193 San Roque","potentialAction":[{"@type":"SearchAction","target":{"@type":"EntryPoint","urlTemplate":"https:\/\/uep193sanroque.com.ar\/nuevodiseno\/?s={search_term_string}"},"query-input":{"@type":"PropertyValueSpecification","valueRequired":true,"valueName":"search_term_string"}}],"inLanguage":"es"}]}},"jetpack_sharing_enabled":true,"jetpack_shortlink":"https:\/\/wp.me\/P9SPC4-23","_links":{"self":[{"href":"https:\/\/uep193sanroque.com.ar\/nuevodiseno\/wp-json\/wp\/v2\/pages\/127","targetHints":{"allow":["GET"]}}],"collection":[{"href":"https:\/\/uep193sanroque.com.ar\/nuevodiseno\/wp-json\/wp\/v2\/pages"}],"about":[{"href":"https:\/\/uep193sanroque.com.ar\/nuevodiseno\/wp-json\/wp\/v2\/types\/page"}],"author":[{"embeddable":true,"href":"https:\/\/uep193sanroque.com.ar\/nuevodiseno\/wp-json\/wp\/v2\/users\/1"}],"replies":[{"embeddable":true,"href":"https:\/\/uep193sanroque.com.ar\/nuevodiseno\/wp-json\/wp\/v2\/comments?post=127"}],"version-history":[{"count":64,"href":"https:\/\/uep193sanroque.com.ar\/nuevodiseno\/wp-json\/wp\/v2\/pages\/127\/revisions"}],"predecessor-version":[{"id":1980,"href":"https:\/\/uep193sanroque.com.ar\/nuevodiseno\/wp-json\/wp\/v2\/pages\/127\/revisions\/1980"}],"wp:attachment":[{"href":"https:\/\/uep193sanroque.com.ar\/nuevodiseno\/wp-json\/wp\/v2\/media?parent=127"}],"curies":[{"name":"wp","href":"https:\/\/api.w.org\/{rel}","templated":true}]}}